{"id":10,"date":"2023-05-23T10:02:09","date_gmt":"2023-05-23T10:02:09","guid":{"rendered":"http:\/\/193.194.89.179\/wp_laromad\/?page_id=10"},"modified":"2024-10-03T13:02:57","modified_gmt":"2024-10-03T13:02:57","slug":"conseil-du-laboratoire","status":"publish","type":"page","link":"https:\/\/laromad.usthb.dz\/index.php\/conseil-du-laboratoire\/","title":{"rendered":"Conseil du Laboratoire"},"content":{"rendered":"\n<h2 class=\"wp-block-heading has-background\" style=\"background:linear-gradient(135deg,rgb(74,234,220) 7%,rgb(151,120,209) 27%,rgb(207,42,186) 40%,rgb(238,44,130) 60%,rgb(251,105,98) 80%,rgb(254,248,76) 100%)\"><strong>A. Composition<\/strong><\/h2>\n\n\n\n<h3 class=\"wp-block-heading has-blush-light-purple-gradient-background has-background\"><strong>Depuis le 1er janvier 2020<\/strong><\/h3>\n\n\n\n<h4 class=\"wp-block-heading has-white-background-color has-background\"><strong>Pr\u00e9sident&nbsp;:<\/strong><\/h4>\n\n\n\n<p class=\"has-background\" style=\"background:linear-gradient(135deg,rgb(238,238,238) 63%,rgb(169,184,195) 100%)\"><em>&nbsp; &nbsp;<strong> &nbsp;A\u00cfDER M\u00e9ziane<\/strong>&nbsp;: Chef de l\u2019\u00e9quipe MDO, et Directeur de LaROMaD,<\/em><\/p>\n\n\n\n<h4 class=\"wp-block-heading has-white-background-color has-background\"><strong>Membres&nbsp;:<\/strong><\/h4>\n\n\n\n<blockquote class=\"wp-block-quote is-layout-flow wp-block-quote-is-layout-flow\">\n<ul style=\"background:linear-gradient(135deg,rgb(238,238,238) 73%,rgb(169,184,195) 100%)\" class=\"has-background wp-block-list\">\n<li>&nbsp; &nbsp; <strong>&nbsp;AIT HADDADENE Hac\u00e8ne<\/strong>&nbsp;: Chef de l\u2019\u00e9quipe GMAD-3I, membre,<\/li>\n\n\n\n<li>&nbsp; &nbsp; &nbsp;MOULA\u00cf Mustapha&nbsp;: Chef de l\u2019\u00e9quipe OVEDHMA, membre,<\/li>\n\n\n\n<li>&nbsp; &nbsp; &nbsp;SEMRI Ahmed&nbsp;: Chef de l\u2019\u00e9quipe Pert-CGCDM, membre,<\/li>\n\n\n\n<li>&nbsp; &nbsp; &nbsp;BOUTICHE Mohamed Amine&nbsp;: Chef de projet PRFU, membre,<\/li>\n\n\n\n<li>&nbsp; &nbsp; &nbsp;MESLEM Kahina, Directrice de Th\u00e8se, membre,<\/li>\n<\/ul>\n<\/blockquote>\n\n\n\n<h3 class=\"wp-block-heading has-blush-light-purple-gradient-background has-background\"><strong>Du 29 mai 2016 au 31 d\u00e9cembre 2019<\/strong><\/h3>\n\n\n\n<h4 class=\"wp-block-heading has-white-background-color has-background\"><strong>Pr\u00e9sident&nbsp;:<\/strong><\/h4>\n\n\n\n<p class=\"has-background\" style=\"background:linear-gradient(135deg,rgb(238,238,238) 62%,rgb(169,184,195) 100%)\"><em>&nbsp; &nbsp; &nbsp;<strong>A\u00cfDER M\u00e9ziane<\/strong>&nbsp;: chef de l\u2019\u00e9quipe MDO, et directeur de LaROMaD,<\/em><\/p>\n\n\n\n<h4 class=\"wp-block-heading has-white-background-color has-background\"><strong>Membres&nbsp;:<\/strong><\/h4>\n\n\n\n<blockquote class=\"wp-block-quote is-layout-flow wp-block-quote-is-layout-flow\">\n<ul style=\"background:linear-gradient(135deg,rgb(238,238,238) 70%,rgb(169,184,195) 100%)\" class=\"has-background wp-block-list\">\n<li>&nbsp; &nbsp; &nbsp;AIT HADDADENE Hac\u00e8ne&nbsp;: chef de l\u2019\u00e9quipe GMAD-3I, membre<\/li>\n\n\n\n<li>&nbsp; &nbsp; &nbsp;KHELLADI Abdelkader&nbsp;: chef de l\u2019\u00e9quipe SD-AD, membre<\/li>\n\n\n\n<li>&nbsp; &nbsp; &nbsp;MOULA\u00cf Mustapha&nbsp;: chef de l\u2019\u00e9quipe OVEDHMA, membre<\/li>\n\n\n\n<li>&nbsp; &nbsp; &nbsp;SEMRI Ahmed&nbsp;: chef de l\u2019\u00e9quipe Pert-CGCDM, membre<\/li>\n<\/ul>\n<\/blockquote>\n\n\n\n<h3 class=\"wp-block-heading has-blush-light-purple-gradient-background has-background\"><strong>Du 13 avril 2012 au 28 mai 2016<\/strong><\/h3>\n\n\n\n<h4 class=\"wp-block-heading has-white-background-color has-background\"><strong>Pr\u00e9sident&nbsp;:<\/strong><\/h4>\n\n\n\n<p class=\"has-background\" style=\"background:linear-gradient(135deg,rgb(238,238,238) 62%,rgb(169,184,195) 100%)\"><em>&nbsp; &nbsp;<strong> &nbsp;MOULA\u00cf Mustapha&nbsp;<\/strong>: chef de l\u2019\u00e9quipe OVEDHMA, et directeur de LaROMaD,<\/em><\/p>\n\n\n\n<h4 class=\"wp-block-heading has-white-background-color has-background\"><strong>Membres&nbsp;:<\/strong><\/h4>\n\n\n\n<blockquote class=\"wp-block-quote is-layout-flow wp-block-quote-is-layout-flow\">\n<ul style=\"background:linear-gradient(135deg,rgb(238,238,238) 68%,rgb(169,184,195) 100%)\" class=\"has-background wp-block-list\">\n<li>&nbsp; &nbsp; &nbsp;A\u00cfDER M\u00e9ziane&nbsp;: chef de l\u2019\u00e9quipe MDO, membre,<\/li>\n\n\n\n<li>&nbsp; &nbsp; &nbsp;AIT HADDADENE Hac\u00e8ne&nbsp;: chef de l\u2019\u00e9quipe GMAD-3I, membre,<\/li>\n\n\n\n<li>&nbsp; &nbsp; &nbsp;KHELLADI Abdelkader&nbsp;: chef de l\u2019\u00e9quipe SD-AD, membre,<\/li>\n\n\n\n<li>&nbsp; &nbsp; &nbsp;SEMRI Ahmed&nbsp;: chef de l\u2019\u00e9quipe Pert-CGCDM, membre.<\/li>\n<\/ul>\n<\/blockquote>\n\n\n\n<h2 class=\"wp-block-heading has-background\" style=\"background:linear-gradient(135deg,rgb(74,234,220) 8%,rgb(151,120,209) 26%,rgb(207,42,186) 40%,rgb(238,44,130) 60%,rgb(251,105,98) 80%,rgb(254,248,76) 100%)\"><strong>B. R\u00e8glement Int\u00e9rieur du laboratoire<\/strong><\/h2>\n\n\n\n<h2 class=\"wp-block-heading has-background\" style=\"background:linear-gradient(135deg,rgb(74,234,220) 7%,rgb(151,120,209) 28%,rgb(207,42,186) 40%,rgb(238,44,130) 60%,rgb(251,105,98) 80%,rgb(254,248,76) 100%)\"><strong>C. Proc\u00e8s-verbaux du conseil du laboratoire<\/strong><\/h2>\n\n\n\n<blockquote class=\"wp-block-quote is-layout-flow wp-block-quote-is-layout-flow\">\n<ul style=\"background:linear-gradient(135deg,rgb(238,238,238) 41%,rgb(169,184,195) 100%)\" class=\"has-background wp-block-list\">\n<li><strong>PV CL 1 2016<\/strong><\/li>\n\n\n\n<li><strong>PV CL 2 2015<\/strong><\/li>\n\n\n\n<li><strong>PV CL 1 2015<\/strong><\/li>\n\n\n\n<li><strong>PV CL 2 2014<\/strong><\/li>\n\n\n\n<li><strong>PV CL 1 2014<\/strong><\/li>\n\n\n\n<li><strong>PV CL 2 2013<\/strong><\/li>\n\n\n\n<li><strong>PV CL 1 2013<\/strong><\/li>\n\n\n\n<li><strong>PV CL 2 2012<\/strong><\/li>\n\n\n\n<li><strong>PV CL 1 2012<\/strong><\/li>\n<\/ul>\n<\/blockquote>\n","protected":false},"excerpt":{"rendered":"<p>A. Composition Depuis le 1er janvier 2020 Pr\u00e9sident&nbsp;: &nbsp; &nbsp; &nbsp;A\u00cfDER M\u00e9ziane&nbsp;: Chef de l\u2019\u00e9quipe MDO, et Directeur de LaROMaD, Membres&nbsp;: Du 29 mai 2016 au 31 d\u00e9cembre 2019 Pr\u00e9sident&nbsp;: &nbsp; &nbsp; &nbsp;A\u00cfDER M\u00e9ziane&nbsp;: chef de l\u2019\u00e9quipe MDO, et directeur <span class=\"readmore\"><a href=\"https:\/\/laromad.usthb.dz\/index.php\/conseil-du-laboratoire\/\">Continue Reading<\/a><\/span><\/p>\n","protected":false},"author":1,"featured_media":0,"parent":0,"menu_order":0,"comment_status":"closed","ping_status":"closed","template":"","meta":{"footnotes":""},"class_list":["post-10","page","type-page","status-publish","hentry"],"_links":{"self":[{"href":"https:\/\/laromad.usthb.dz\/index.php\/wp-json\/wp\/v2\/pages\/10","targetHints":{"allow":["GET"]}}],"collection":[{"href":"https:\/\/laromad.usthb.dz\/index.php\/wp-json\/wp\/v2\/pages"}],"about":[{"href":"https:\/\/laromad.usthb.dz\/index.php\/wp-json\/wp\/v2\/types\/page"}],"author":[{"embeddable":true,"href":"https:\/\/laromad.usthb.dz\/index.php\/wp-json\/wp\/v2\/users\/1"}],"replies":[{"embeddable":true,"href":"https:\/\/laromad.usthb.dz\/index.php\/wp-json\/wp\/v2\/comments?post=10"}],"version-history":[{"count":13,"href":"https:\/\/laromad.usthb.dz\/index.php\/wp-json\/wp\/v2\/pages\/10\/revisions"}],"predecessor-version":[{"id":405,"href":"https:\/\/laromad.usthb.dz\/index.php\/wp-json\/wp\/v2\/pages\/10\/revisions\/405"}],"wp:attachment":[{"href":"https:\/\/laromad.usthb.dz\/index.php\/wp-json\/wp\/v2\/media?parent=10"}],"curies":[{"name":"wp","href":"https:\/\/api.w.org\/{rel}","templated":true}]}}