{"id":12,"date":"2023-05-23T10:02:09","date_gmt":"2023-05-23T10:02:09","guid":{"rendered":"http:\/\/193.194.89.179\/wp_laromad\/?page_id=12"},"modified":"2024-10-01T12:47:31","modified_gmt":"2024-10-01T12:47:31","slug":"equipes-de-recherche","status":"publish","type":"page","link":"https:\/\/laromad.usthb.dz\/index.php\/equipes-de-recherche\/","title":{"rendered":"Equipes de recherche"},"content":{"rendered":"\n<p class=\"has-blush-light-purple-gradient-background has-background\"><a href=\".\/index.php\/equipe-1-mathematiques-discrete-et-optimisation-mdo\/\">Math\u00e9matiques Discr\u00e8te et Optimisation MDO<\/a><\/p>\n\n\n\n<p>A. OBJECTIFS D\u2019ENSEMBLE La &#8220;Combinatoire&#8221; d\u00e9signe la discipline math\u00e9matique qui s\u2019int\u00e9resse \u00e0 l\u2019\u00e9tude des structures discr\u00e8tes ou finies. Outre l\u2019aspect&nbsp;(&#8230;)<br><a href=\".\/index.php\/equipe-1-mathematiques-discrete-et-optimisation-mdo\/\"><strong>Lire l&#8217;article &#8230;<\/strong><\/a><\/p>\n\n\n\n<p class=\"has-blush-light-purple-gradient-background has-background\"><a href=\".\/index.php\/186-2\/\">G\u00e9nie Math\u00e9matique pour l\u2019Aide \u00e0 la D\u00e9cision dans les Syst\u00e8mes d\u2019Information et de l\u2019Ing\u00e9nierie Industrielle (GMADS\u20103I)<\/a><\/p>\n\n\n\n<p>A. OBJECTIFS D\u2019ENSEMBLE Plusieurs notions connues \u00eatre difficiles et d\u00e9velopp\u00e9es dans plusieurs \u00e9quipes internationales constituent un des objectifs&nbsp;(&#8230;)<br><a href=\".\/index.php\/186-2\/\"><strong>Lire l&#8217;article &#8230;<\/strong><\/a><\/p>\n\n\n\n<p class=\"has-blush-light-purple-gradient-background has-background\"><a href=\".\/index.php\/csdfzdcfzdzdedc\/\">Optimisation Vectorielle, D\u00e9cision Hi\u00e9rarchique, Mesure de la performance et Applications (OVEDHMA)<\/a><\/p>\n\n\n\n<p>A. OBJECTIFS D\u2019ENSEMBLE En d\u00e9pit des d\u00e9veloppements technologiques incessants, qui permettent de traiter l\u2019abstraction jusqu\u2019\u00e0 un niveau&nbsp;(&#8230;)<br><a href=\".\/index.php\/csdfzdcfzdzdedc\/\"><strong>Lire l&#8217;article &#8230;<\/strong><\/a><\/p>\n\n\n\n<p class=\"has-blush-light-purple-gradient-background has-background\"><a href=\".\/index.php\/equipe-4-problemes-dempilement-et-de-recouvrement-en-theorie-des-codes-et-geometrie-combinatoire-didactique-des-mathematiques-pert-cgcdm\/\">Probl\u00e8mes d\u2019Empilement et de Recouvrement en Th\u00e9orie des Codes et G\u00e9om\u00e9trie Combinatoire, Didactique des Math\u00e9matiques (PERT\u2010CGCDM)<\/a><\/p>\n\n\n\n<p>A. OBJECTIFS D\u2019ENSEMBLE On s\u2019int\u00e9resse \u00e0 la r\u00e9solution de certains probl\u00e8mes d\u2019optimisation pos\u00e9s en Th\u00e9orie des Graphes et en G\u00e9om\u00e9trie Discr\u00e8te. Les&nbsp;(&#8230;)<br><a href=\".\/index.php\/equipe-4-problemes-dempilement-et-de-recouvrement-en-theorie-des-codes-et-geometrie-combinatoire-didactique-des-mathematiques-pert-cgcdm\/\"><strong>Lire l&#8217;article &#8230;<\/strong><\/a><\/p>\n","protected":false},"excerpt":{"rendered":"<p>Math\u00e9matiques Discr\u00e8te et Optimisation MDO A. OBJECTIFS D\u2019ENSEMBLE La &#8220;Combinatoire&#8221; d\u00e9signe la discipline math\u00e9matique qui s\u2019int\u00e9resse \u00e0 l\u2019\u00e9tude des structures discr\u00e8tes ou finies. Outre l\u2019aspect&nbsp;(&#8230;)Lire l&#8217;article &#8230; G\u00e9nie Math\u00e9matique pour l\u2019Aide \u00e0 la D\u00e9cision dans les Syst\u00e8mes d\u2019Information et de <span class=\"readmore\"><a href=\"https:\/\/laromad.usthb.dz\/index.php\/equipes-de-recherche\/\">Continue Reading<\/a><\/span><\/p>\n","protected":false},"author":1,"featured_media":0,"parent":0,"menu_order":0,"comment_status":"closed","ping_status":"closed","template":"","meta":{"footnotes":""},"class_list":["post-12","page","type-page","status-publish","hentry"],"_links":{"self":[{"href":"https:\/\/laromad.usthb.dz\/index.php\/wp-json\/wp\/v2\/pages\/12","targetHints":{"allow":["GET"]}}],"collection":[{"href":"https:\/\/laromad.usthb.dz\/index.php\/wp-json\/wp\/v2\/pages"}],"about":[{"href":"https:\/\/laromad.usthb.dz\/index.php\/wp-json\/wp\/v2\/types\/page"}],"author":[{"embeddable":true,"href":"https:\/\/laromad.usthb.dz\/index.php\/wp-json\/wp\/v2\/users\/1"}],"replies":[{"embeddable":true,"href":"https:\/\/laromad.usthb.dz\/index.php\/wp-json\/wp\/v2\/comments?post=12"}],"version-history":[{"count":10,"href":"https:\/\/laromad.usthb.dz\/index.php\/wp-json\/wp\/v2\/pages\/12\/revisions"}],"predecessor-version":[{"id":323,"href":"https:\/\/laromad.usthb.dz\/index.php\/wp-json\/wp\/v2\/pages\/12\/revisions\/323"}],"wp:attachment":[{"href":"https:\/\/laromad.usthb.dz\/index.php\/wp-json\/wp\/v2\/media?parent=12"}],"curies":[{"name":"wp","href":"https:\/\/api.w.org\/{rel}","templated":true}]}}