{"id":15,"date":"2023-05-23T10:02:09","date_gmt":"2023-05-23T10:02:09","guid":{"rendered":"http:\/\/193.194.89.179\/wp_laromad\/?page_id=15"},"modified":"2024-10-01T13:31:23","modified_gmt":"2024-10-01T13:31:23","slug":"projets-de-recherche","status":"publish","type":"page","link":"https:\/\/laromad.usthb.dz\/index.php\/projets-de-recherche\/","title":{"rendered":"Projets de recherche"},"content":{"rendered":"\n<p class=\"has-blush-light-purple-gradient-background has-background\"><a href=\".\/index.php\/projets-de-recherche\/projets-prfu-en-cours\/\">Projets de recherche en cours<\/a><\/p>\n\n\n\n<p>Projets en cours Projet Cnepru intitul\u00e9 : Math\u00e9matiques discr\u00e8tes et optimisation (M.D.O.). Code : B00220140058, P\u00e9riode : 1er janvier 2015 \u2013 31&nbsp;(&#8230;)<br><strong><a href=\"http:\/\/193.194.89.179\/wp_laromad\/index.php\/2023\/06\/19\/projets-prfu-en-cours\/\">Lire <\/a><a href=\".\/index.php\/projets-de-recherche\/projets-prfu-en-cours\/\">l&#8217;article <\/a><a href=\"http:\/\/193.194.89.179\/wp_laromad\/index.php\/2023\/06\/19\/projets-prfu-en-cours\/\">&#8230;<\/a><\/strong><\/p>\n\n\n\n<p class=\"has-blush-light-purple-gradient-background has-background\"><a href=\".\/index.php\/projets-acheves\/\">Projet de recherche achev\u00e9s<\/a><\/p>\n\n\n\n<p>Projets achev\u00e9s Projet PNR intitul\u00e9 : Techniques hybrides pour les probl\u00e8mes d\u2019optimisation combinatoire multi-objectif. Responsable : A\u00efder&nbsp;(&#8230;)<br><strong><a href=\".\/index.php\/projets-acheves\/\">Lire l&#8217;article &#8230;<\/a><\/strong><\/p>\n","protected":false},"excerpt":{"rendered":"<p>Projets de recherche en cours Projets en cours Projet Cnepru intitul\u00e9 : Math\u00e9matiques discr\u00e8tes et optimisation (M.D.O.). Code : B00220140058, P\u00e9riode : 1er janvier 2015 \u2013 31&nbsp;(&#8230;)Lire l&#8217;article &#8230; Projet de recherche achev\u00e9s Projets achev\u00e9s Projet PNR intitul\u00e9 : Techniques <span class=\"readmore\"><a href=\"https:\/\/laromad.usthb.dz\/index.php\/projets-de-recherche\/\">Continue Reading<\/a><\/span><\/p>\n","protected":false},"author":1,"featured_media":0,"parent":0,"menu_order":0,"comment_status":"closed","ping_status":"closed","template":"","meta":{"footnotes":""},"class_list":["post-15","page","type-page","status-publish","hentry"],"_links":{"self":[{"href":"https:\/\/laromad.usthb.dz\/index.php\/wp-json\/wp\/v2\/pages\/15","targetHints":{"allow":["GET"]}}],"collection":[{"href":"https:\/\/laromad.usthb.dz\/index.php\/wp-json\/wp\/v2\/pages"}],"about":[{"href":"https:\/\/laromad.usthb.dz\/index.php\/wp-json\/wp\/v2\/types\/page"}],"author":[{"embeddable":true,"href":"https:\/\/laromad.usthb.dz\/index.php\/wp-json\/wp\/v2\/users\/1"}],"replies":[{"embeddable":true,"href":"https:\/\/laromad.usthb.dz\/index.php\/wp-json\/wp\/v2\/comments?post=15"}],"version-history":[{"count":9,"href":"https:\/\/laromad.usthb.dz\/index.php\/wp-json\/wp\/v2\/pages\/15\/revisions"}],"predecessor-version":[{"id":368,"href":"https:\/\/laromad.usthb.dz\/index.php\/wp-json\/wp\/v2\/pages\/15\/revisions\/368"}],"wp:attachment":[{"href":"https:\/\/laromad.usthb.dz\/index.php\/wp-json\/wp\/v2\/media?parent=15"}],"curies":[{"name":"wp","href":"https:\/\/api.w.org\/{rel}","templated":true}]}}